14. Suppose -q*z = -2*c + 76 + 57, -c + 3*z + 68 = 0. What is the remainder when c is divided by 20?
19
Let t = 9 - 3. Suppose t*w - 205 = w. What is the remainder when w is divided by 14?
13
Let g = -6 + 10. Let l be (-60)/(-18) + g/6. Calculate the remainder when (2/l)/(1/74) is divided by 19.
18
Let m = 8 + 40. Calculate the remainder when m is divided by 19.
10
Let d(f) = -f**3 - 2*f**2 + 3*f - 3. Let s be d(-3). Let o be ((-13)/(-3))/(s/(-36)). Suppose 3*h = o + 2. Calculate the remainder when h is divided by 10.
8
Let d = -30 + 64. What is the remainder when d is divided by 18?
16
Let u = -3 - -11. Calculate the remainder when 13 is divided by u.
5
What is the remainder when ((-8)/(-12))/(2/57) is divided by (-9)/21 + (-80)/(-7)?
8
Let b = 47 + 0. Suppose -5*i + 231 = 6*i. Let d = b - i. What is the remainder when 77 is divided by d?
25
Suppose 3*j - 11 = 5*r, 0*r = r + 2*j + 10. What is the remainder when 6/r*-6*3 is divided by 70/(-4)*(-68)/85?
13
Let o(i) = i**2 + 13*i - 2. Let a be o(-13). What is the remainder when 20 + 6/(-9)*-3 is divided by (-4 + 0)/(a/4)?
6
Let o = 4 - -17. Calculate the remainder when o is divided by 8.
5
Let x = -38 - -57. Let i = 9 + 28. What is the remainder when i is divided by x?
18
Let j = 17 - 9. Let q be (j/(-4))/((-2)/11). Suppose q = g - 4*m + 3, 3*g - 24 = -3*m. What is the remainder when 31 is divided by g?
7
Suppose -3*d = -0*d - 162. Suppose -24*c + 127 + 137 = 0. Calculate the remainder when d is divided by c.
10
Suppose 7*a - 2*a - 205 = 0. Calculate the remainder when a is divided by 14.
13
Let v = 291 + -174. Let f = 171 - v. What is the remainder when f is divided by 14?
12
Suppose -2*b = -6*b + 108. Let j = 39 - b. Suppose 0 = 3*l - 4*a - 69, 3*a + 46 = 2*l - 0*a. Calculate the remainder when l is divided by j.
11
Suppose 2*d - 3 = 1. What is the remainder when 15 is divided by (8 + d)*3/5?
3
Let g(c) = 4*c + 4. Let f be g(3). Suppose 0 = -2*t - 0*t + 168. Suppose -5*p + 3*b + 76 = 0, 5*p + b = t - f. Calculate the remainder when 53 is divided by p.
11
Suppose 5*g + 5*f - 235 = 0, f = 8*g - 3*g - 205. What is the remainder when g is divided by 9?
6
Let l(g) = -2*g**2 + 12*g - 5. Let n be l(8). Let m = n - -53. What is the remainder when 30 is divided by m?
14
Let w = -3 - -7. Suppose -w*r + 3*r + 7 = 0. Calculate the remainder when 27 is divided by r.
6
Let m(h) = h**3 + h**2 - h + 5. Let k be (-6)/21 - 88/(-14). Let q be k/27 + 4/(-18). What is the remainder when m(q) is divided by 2?
1
Let t = -3 + 31. What is the remainder when 82 is divided by t?
26
Let g(l) = -l**3 - l. Let c(x) = 5*x**3 + 5*x**2 + 11*x - 8. Let y(j) = -c(j) - 6*g(j). Let d = 20 + 19. Calculate the remainder when d is divided by y(6).
11
Suppose 0*m + 27 = 3*m. Suppose 6*o = -107 + 317. Calculate the remainder when o is divided by m.
8
Let r(u) = 2*u + 53. What is the remainder when r(9) is divided by 18?
17
Let m(c) = c**3 + 5*c**2 + 4. Let q be m(-5). Suppose 0*h + 3*n + 27 = 2*h, 6 = h - q*n. Calculate the remainder when 69 is divided by h.
15
Suppose 12*s - 28 = 10*s. What is the remainder when 27 is divided by s?
13
Suppose -4*v = -0*p - 5*p + 53, 2*v = -2*p + 32. Suppose 5*u + 43 - p = f, 0 = 3*f + 5*u - 10. What is the remainder when 28 is divided by f?
8
Let l(d) = -8*d - 1. Calculate the remainder when l(-1) is divided by 3.
1
Let q(s) = -8*s + 1 + s**2 - 2 + 0 + 3. Calculate the remainder when q(9) is divided by 6.
5
Let f = -4 - -6. Suppose -f*z + 16 = 2*t + 2*z, 3*t - 35 = 5*z. Calculate the remainder when t is divided by 6.
4
Let f(h) = -2*h + 3. Calculate the remainder when 36/8*600/54 is divided by f(-5).
11
Let z be -1 - 6/(-2)*5. Let m = z + -37. Let k = -13 - m. Calculate the remainder when 28 is divided by k.
8
Let u(i) = i**3 - 3*i**2 - 2*i. Let g be u(4). Suppose g = -a + 48. Calculate the remainder when a is divided by 14.
12
Suppose -4*i - 31*i = -175. Suppose -2*v - 3*j = -7*v + 56, j - 3 = 0. What is the remainder when v is divided by i?
3
Suppose 4*p + 0 = 20. Calculate the remainder when p is divided by 2.
1
Suppose -3*d + 51 + 21 = 0. Suppose -d = 5*o - 4. Let j(k) = -4*k - 1. What is the remainder when j(o) is divided by 6?
3
Let d be 0/1*(-2)/4. Suppose d = -2*t + 3*q + 55, q + 102 = 4*t + 3*q. Calculate the remainder when t is divided by 7.
5
Let n(x) = 4*x**3 + 3*x**3 - 2*x**3 - 6*x**3 - 2*x + 5*x**2. What is the remainder when 47 is divided by n(3)?
11
What is the remainder when (284/8)/(1/2) is divided by 18?
17
Let h = 6 + 0. Calculate the remainder when 21 is divided by h.
3
Let x(z) = -z**3 - 5*z**2 - z + 2. Let d be x(-5). Let s be 47/d + 4/14. Suppose 0 = 2*q - 31 + s. Calculate the remainder when q is divided by 7.
5
Let x = 24 + -13. What is the remainder when 18 is divided by x?
7
Let q be -5*(-1 - (-3)/15). Suppose 0 = 4*u - q, -4*v - 5*u = -9*v - 95. Let t = v - -36. What is the remainder when t is divided by 10?
8
Suppose 23 = -5*a - 2, -5*a = -4*i + 5. Let m = 7 + i. What is the remainder when m is divided by 2?
0
Suppose 16*o - 16 = 32. What is the remainder when o is divided by 3*(15/(-9) - -2)?
0
Suppose 0 = 3*s + 2*f - 120, f - 2*f = -2*s + 87. Calculate the remainder when s is divided by 11.
9
Let n = -14 + 28. What is the remainder when (0 + 6)*21/n is divided by 4?
1
Suppose i + 120 = 4*i. Let l = i - 21. Calculate the remainder when l is divided by 7.
5
Suppose -5*o = 5*u, o + 3*o = -3*u. Suppose 0 = 2*g - 4*r + 54, 86 = -4*g - o*g - 3*r. Let n = 46 + g. Calculate the remainder when n is divided by 8.
7
Suppose 3*g = -4*m + 10, 0 = -g + m + m. Suppose g*z - 168 = -5*u, 4*z - 15 - 65 = -2*u. Calculate the remainder when u is divided by 11.
10
Let j = 5 + -3. Suppose -3*h + 4*h = -3*q + 2, j*q = -h. Calculate the remainder when 3 is divided by q.
1
Let k = -8 + 15. Let y = k - -18. What is the remainder when y is divided by 9?
7
Suppose z + 54 = 5*c - c, 2*z = 2*c - 30. Suppose -3*n + 3*v + 22 = -2*n, 3*n = -v + 36. What is the remainder when n/(-2)*-4 + -1 is divided by c?
12
Let h = 48 + -21. What is the remainder when 158 is divided by h?
23
Suppose -2*r + 0*r = -362. Let v = r - 61. Suppose -i + 3*n = -38, v = 2*i + 3*i - n. Calculate the remainder when 68 is divided by i.
22
Suppose -4*o + 77 = 4*h - o, 0 = -2*h + o + 41. Suppose 2*i - 74 = h. Let c(v) = -v + 29. Calculate the remainder when i is divided by c(13).
15
Let s = 78 + -2. Let p = s + -45. Let k(n) = n**2 + 5*n + 5. Calculate the remainder when p is divided by k(-6).
9
Let y be (-3)/(((-45)/(-6))/5). Let b(k) = -k**3 + 3*k**2 + 3*k. Calculate the remainder when 26 is divided by b(y).
12
Let z = 107 + -60. Calculate the remainder when z is divided by 12.
11
Let t(d) = -d**3 - 3*d**2 - 2*d - 5. Let z be 0/1 - 3 - -7. Suppose z*x - 76 = -0*x. Calculate the remainder when t(-5) is divided by x.
17
Let v be 0/2 + (-2)/2. Let i be (3*-1 - 0)*v. Suppose 0 = -5*x + 7*j - 2*j + 45, -5*j + 19 = i*x. Calculate the remainder when x is divided by 5.
3
Let u = 102 + 38. What is the remainder when u is divided by 47?
46
Let y(r) = r**2 - 8*r + 6. What is the remainder when 19 is divided by y(8)?
1
Let h(x) = -7*x**2 + 14*x - x**3 + 2*x**3 - 21*x + 16. What is the remainder when h(9) is divided by 29?
28
Suppose 61 = -4*z + 189. Suppose -z = -5*w + 93. Suppose t - 13 + 0 = 0. Calculate the remainder when w is divided by t.
12
Let m be (-3 - 1)*(-1)/2. Suppose 0 = -2*q - 2*j - 12, 0*q - 9 = m*q - j. Let u = q - -6. What is the remainder when u is divided by 1?
0
Suppose 38*t = 44*t - 156. Let g be ((-15)/(-9))/(2/6). Suppose 5*m = -g*j + 80, -2*j + 0*j = -2*m - 24. Calculate the remainder when t is divided by j.
12
Suppose -o = 2*o - 12. What is the remainder when 127/5 + o/(-10) is divided by (-6)/(-27) - (-158)/18?
7
Let s = 2 + 1. Let o(v) = -v**2 + v + 22. Let b be o(0). Suppose 2*u + 0*u - 6 = 0, c + s*u = b. Calculate the remainder when 24 is divided by c.
11
Suppose -4*h - 4*t + 80 = -0*t, 4*h = 5*t + 107. Calculate the remainder when h is divided by 6.
5
Suppose 3*j - 87 = -l, -4*j - 5*l = -2*l - 121. Calculate the remainder when 111 is divided by j.
27
Suppose 2*h - 23 - 101 = 0. What is the remainder when h is divided by 16?
14
Let o(v) = -4 + 2*v**2 + 3 + 2*v**3 + v + 0*v**3 - v**3. Calculate the remaind